{"id":123,"date":"2020-10-29T22:43:43","date_gmt":"2020-10-29T22:43:43","guid":{"rendered":"http:\/\/macblog.mcmaster.ca\/literature-culture-anthropocene\/?page_id=123"},"modified":"2020-11-12T18:52:46","modified_gmt":"2020-11-12T18:52:46","slug":"syllabus","status":"publish","type":"page","link":"https:\/\/macblog.mcmaster.ca\/literature-culture-anthropocene\/syllabus\/","title":{"rendered":"Syllabus"},"content":{"rendered":"\n<p>The Field Guide to Lost Futures is a collective project from Literature, Culture, and the Anthropocene (ENGL 4E03), a Winter 2021 seminar offered in the Department of English and Cultural Studies at McMaster University.<\/p>\n\n\n\n<hr class=\"wp-block-separator\" \/>\n\n\n\n<h2 class=\"wp-block-heading\">Course Description<\/h2>\n\n\n\n<p>This is a course about loss. The Anthropocene is a term that describes the current geological age, characterized by the dominance of human influence on the planet\u2019s systems, including climate change, deforestation, proliferation of toxic wastes, and mass extinctions. The Anthropocene is a period characterized by losses already endured and many anticipated losses on the horizon. Much writing and thinking around the Anthropocene projects into a future radically remade by loss. Losses of ecosystems, relationships, lifeways, and stories have been unequally created and are inequitably distributed. Race, gender, sexuality, class, and species have profound effects on the varying exposures and vulnerabilities of different communities and geographies to climate change and other impacts of human-induced planetary changes.<\/p>\n\n\n\n<p>Together, we will think through the radically divergent causes and experiences of loss from a diversity of perspectives, locations, and scales. The term Anthropocene was coined by white male chemist, Paul Crutzen, in 2000, but he is not the first and far from the only person to theorize, grasp, and mourn the losses mounting from human-changed ecosystems. Throughout the semester, will look at contemporary explorations of ecological loss, but will also examine practices of identifying, grieving, and attempted managing human-caused losses across the 20th century.<\/p>\n\n\n\n<p>Our work will cluster around loss in three key sites: land, species, and futures. We will approach loss as active processes\u2014wherein lands, species, and futures are made lost by activities such as extractive capitalism, colonial dispossession, ecofascism, and environmental racism. We will also examine a wide range of responses to loss, including affective (grief, hope, and rage), narrative and arts-based (elegy, monuments), and policy (platforms, reparations).<\/p>\n\n\n\n<p>Our efforts to identify and interpret loss across multiple registers will culminate in a collective and collaborative digital humanities project: The Field Guide to Lost Futures. Addressed to near-future audiences, the Field Guide is part time capsule, part memorial, and part speculative experiment. By projecting into the future, we will think about how the Anthropocene and the many losses in the wake of its catastrophes might be remembered. Students will each create an entry to the Field Guide that identifies something on the cusp of or at risk of loss in our current, situated experience of the Anthropocene at McMaster University in 2021.<\/p>\n\n\n\n<p>As we move through the course and develop the Field Guide, we will encourage each other to ask: How do we sense, experience, and document loss? What are the political potentials of grief and mourning? How can we engage loss from a range of perspectives, including nonhuman? How do we tell stories of loss that are not only damage-centered and that do not cast destruction and decline as inevitable processes? Which losses might be necessary for different futures to emerge?<\/p>\n\n\n\n<h2 class=\"wp-block-heading\">Course Readings: Books<\/h2>\n\n\n\n<p>Nate Blakeslee, <em>The Wolf: A True Story of Survival and Obsession in the West<\/em> (New York: RandomHouse, 2017).<\/p>\n\n\n\n<p>Sarah Broom, <em>The Yellow House<\/em> (New York, Grove Atlantic, 2019).<\/p>\n\n\n\n<p>adrienne maree brown and Walidah Imarisha (editors), <em>Octavia\u2019s Brood: Science Fiction Stories fromSocial Justice Movements<\/em> (Chico, CA: AK Press, 2015).<\/p>\n\n\n\n<p>Joanna Zylinska, <em>The End of Man: A Feminist Counterapocalypse<\/em> (Minneapolis: University of Minnesota Press, 2018). <\/p>\n\n\n\n<h2 class=\"wp-block-heading\">Course Readings: Articles + Other Materials<\/h2>\n\n\n\n<p>Anson, April. \u201cNo One is a Virus: On American Ecofascism,\u201d <em>Environmental History Now<\/em>, 21 October 2020, available <a href=\"https:\/\/envhistnow.com\/2020\/10\/21\/no-one-is-the-virus-on-american-ecofascism\/?fbclid=IwAR1ZMm_jJXuG9PYQbqTFEa48mTYuYYoahr8C9pbpde6PO1iQLzpGYRMLh9o\">online<\/a>.<\/p>\n\n\n\n<p>Burtynsky, Edward, Jennifer Baichwal and Nicholas de Pencier, <em>Anthropocene: The Human Epoch<\/em><\/p>\n\n\n\n<p>(Toronto: Mongrel Media, 2019), available streaming via <a href=\"https:\/\/discovery.mcmaster.ca\/iii\/encore\/record\/C__Rb3759693?lang=eng\">McMaster Libraries<\/a>.<\/p>\n\n\n\n<p>Davis, Heather, and Zoe Todd. \u201cOn the Importance of a Date, or, Decolonizing the<\/p>\n\n\n\n<p>Anthropocene,\u201d <em>ACME: An International Journal for Critical Geographies<\/em>, vol. 16, no. 4 (2017): 761-780.<\/p>\n\n\n\n<p>Miller, Elizabeth. \u201cThe Losing Coast,\u201d <em>Statesider<\/em>, 17 May 2020, available <a href=\"https:\/\/statesider.us\/coastal-louisiana-the-losing-coast\/\">online<\/a>.<\/p>\n\n\n\n<p>Estes, Nick \u201cFighting for Our Lives: #NoDAPL in Historical Context,\u201d <em>Wicazo Sa Review<\/em>, Vol. 32, No. 2, Fall 2017, pp. 115-122<\/p>\n\n\n\n<p>How to Save a Planet, \u201cBlack Lives Matter and the Climate,\u201d 24 September 2020, available <a href=\"https:\/\/gimletmedia.com\/shows\/howtosaveaplanet\/39habgl\">online<\/a>.<\/p>\n\n\n\n<p>Kanngeiser, Anja and Zoe Todd. \u201cFrom Environmental Case Study to Environmental Kin Study,&#8221; <em>History and Theory<\/em>, Vol. 59, No. 3 (2020): 385-393.<\/p>\n\n\n\n<p>Keeler, Kyle. \u201cSettler Theft and Indigenous Resistance in the Kleptocene,\u201d <em>Edge Effects<\/em>, 08 September 2020, available <a href=\"https:\/\/edgeeffects.net\/kleptocene\/?fbclid=IwAR3yplozhBvmZL7CvMs7-TnkGovwJKeC42A7mD8J7lioEzn1ShT4caAQ5WE\">online<\/a>.<\/p>\n\n\n\n<p>Ladner, Keira. \u201cGoverning Within an Ecological Context: Creating an AlterNative Understanding of Blackfoot Governance,\u201d <em>Studies in Political Economy<\/em>, Vol. 70, No. 1 (2003), 125-52.<\/p>\n\n\n\n<p>Liboiron, Max \u201cRecylcing is Like a Bandaid on Gangrene,\u201d The Atlantic, 13 June 2019, available <a href=\"https:\/\/www.theatlantic.com\/video\/index\/591640\/recycling-plastics\/\">online<\/a>.<\/p>\n\n\n\n<p>Little Bear, Leroy. \u201cThe Historic Buffalo Treaty of September 2014,\u201d in <em>The Last of the Buffalo: Return to the Wild<\/em>, edited by Harvey Locke (Banff: Summerthought, 2016), 84-87.<\/p>\n\n\n\n<p>Mirzeoff, Nicholas, \u201cVisualizing the Anthropocene,\u201d <em>Public Culture<\/em>, Vol. 26, No. 2 (2014): 213-232.<\/p>\n\n\n\n<p>Nixon, Rob. \u201cThe Anthropocene: The Promise and Pitfalls of an Epochal Idea,\u201d in <em>Future Remains: A Cabinet of Curiosities for the Anthropocene<\/em>, edited by Gregg Mitman, Marco Armiero, and Robert S. Emmett (Chicago: University of Chicago Press, 2018), 1-18.<\/p>\n\n\n\n<p>Peeples, Jennifer, \u201cImaging Toxins,\u201d <em>Environmental Communication<\/em> Vol. 7, No. 2 (2013), 191-210.<\/p>\n\n\n\n<p>Purdy, Jedediah. \u201cEnvironmentalism\u2019s Racist History,\u201d <em>The New Yorker<\/em>, 13 August 2015, available <a href=\"https:\/\/www.newyorker.com\/news\/news-desk\/environmentalisms-racist-history?fbclid=IwAR2bjyZqKU_ytzZOHTQrXax-kB4lPPbDVYeIcy2HiQszAFgwJENDyPe6rEw\">online<\/a>.<\/p>\n\n\n\n<p>Simpson, Leanne Betasamosake, \u201cThe Brilliance of the Beaver: Learning from an Anishnaabe World\u201d CBC Ideas Podcast, 16 April 2020, available <a href=\"https:\/\/www.cbc.ca\/radio\/ideas\/the-brilliance-of-the-beaver-learning-from-an-anishnaabe-world-1.5534706\">online<\/a>.<\/p>\n\n\n\n<p>T\u00e1\u00edw\u00f2, Ol\u00faf\u1eb9\u0301mi O. and Beba Cibralic, \u201cThe Case for Climate Reparations,\u201d Foreign Policy, 10 October 2020, available <a href=\"https:\/\/foreignpolicy.com\/2020\/10\/10\/case-for-climate-reparations-crisis-migration-refugees-inequality\/\">online<\/a>.<\/p>\n\n\n\n<p>Tsing, Anna Lowenhaupt. \u201cInterlude: Tracking,\u201d\u00a0 &#8220;Disturbed Beginnings: Unintentional Design,\u201d and \u201cThe Life of the Forest,\u201d in <em>The Mushroom at the End of the World: On the Possibility of life in Capitalist Ruins<\/em> (Princeton: Princeton University Press, 2015), 137-144, 151-152, and 155-163.<\/p>\n\n\n\n<p>Van Dooren, Thom. \u201cMourning Crows: Grief in a Shared World,\u201d in <em>Flight Ways: Life and Loss at the Edge of Extinction<\/em>, (New York, Columbia University Press, 2014), 125-144.<\/p>\n\n\n\n<p>Wells, David Wallace, \u201cThe Uninhabitable Earth,\u201d New York Magazine, 10 July 2017<\/p>\n\n\n\n<p>Whyte, Kyle Powys, \u201cOur Ancestors\u2019 Dystopia Now: Indigenous Conservation and the Anthropocene,\u201d in <em>The Routledge Companion to the Environmental Humanities<\/em>, edited by Ursula Heise, Jon Christensen, and Michelle Niemann (Routledge, 2017), 206-215.<\/p>\n","protected":false},"excerpt":{"rendered":"<p>The Field Guide to Lost Futures is a collective project from Literature, Culture, and the Anthropocene (ENGL 4E03), a Winter 2021 seminar offered in the Department of English and Cultural Studies at McMaster University. Course Description This is a course about loss. The Anthropocene is a term that describes the current geological age, characterized by &hellip; <\/p>\n<p class=\"link-more\"><a href=\"https:\/\/macblog.mcmaster.ca\/literature-culture-anthropocene\/syllabus\/\" class=\"more-link\">Continue reading<span class=\"screen-reader-text\"> &#8220;Syllabus&#8221;<\/span><\/a><\/p>\n","protected":false},"author":336,"featured_media":0,"parent":0,"menu_order":0,"comment_status":"closed","ping_status":"closed","template":"","meta":{"_monsterinsights_skip_tracking":false,"_monsterinsights_sitenote_active":false,"_monsterinsights_sitenote_note":"","_monsterinsights_sitenote_category":0,"footnotes":"","_links_to":"","_links_to_target":""},"class_list":["post-123","page","type-page","status-publish","hentry"],"yoast_head":"<!-- This site is optimized with the Yoast SEO plugin v27.2 - https:\/\/yoast.com\/product\/yoast-seo-wordpress\/ -->\n<title>Syllabus - Field Guide to Lost Futures<\/title>\n<meta name=\"robots\" content=\"index, follow, max-snippet:-1, max-image-preview:large, max-video-preview:-1\" \/>\n<link rel=\"canonical\" href=\"https:\/\/macblog.mcmaster.ca\/literature-culture-anthropocene\/syllabus\/\" \/>\n<meta property=\"og:locale\" content=\"en_US\" \/>\n<meta property=\"og:type\" content=\"article\" \/>\n<meta property=\"og:title\" content=\"Syllabus - Field Guide to Lost Futures\" \/>\n<meta property=\"og:description\" content=\"The Field Guide to Lost Futures is a collective project from Literature, Culture, and the Anthropocene (ENGL 4E03), a Winter 2021 seminar offered in the Department of English and Cultural Studies at McMaster University. Course Description This is a course about loss. The Anthropocene is a term that describes the current geological age, characterized by &hellip; Continue reading &quot;Syllabus&quot;\" \/>\n<meta property=\"og:url\" content=\"https:\/\/macblog.mcmaster.ca\/literature-culture-anthropocene\/syllabus\/\" \/>\n<meta property=\"og:site_name\" content=\"Field Guide to Lost Futures\" \/>\n<meta property=\"article:modified_time\" content=\"2020-11-12T18:52:46+00:00\" \/>\n<meta name=\"twitter:card\" content=\"summary_large_image\" \/>\n<meta name=\"twitter:label1\" content=\"Est. reading time\" \/>\n\t<meta name=\"twitter:data1\" content=\"5 minutes\" \/>\n<script type=\"application\/ld+json\" class=\"yoast-schema-graph\">{\"@context\":\"https:\/\/schema.org\",\"@graph\":[{\"@type\":\"WebPage\",\"@id\":\"https:\/\/macblog.mcmaster.ca\/literature-culture-anthropocene\/syllabus\/\",\"url\":\"https:\/\/macblog.mcmaster.ca\/literature-culture-anthropocene\/syllabus\/\",\"name\":\"Syllabus - Field Guide to Lost Futures\",\"isPartOf\":{\"@id\":\"https:\/\/macblog.mcmaster.ca\/literature-culture-anthropocene\/#website\"},\"datePublished\":\"2020-10-29T22:43:43+00:00\",\"dateModified\":\"2020-11-12T18:52:46+00:00\",\"breadcrumb\":{\"@id\":\"https:\/\/macblog.mcmaster.ca\/literature-culture-anthropocene\/syllabus\/#breadcrumb\"},\"inLanguage\":\"en-US\",\"potentialAction\":[{\"@type\":\"ReadAction\",\"target\":[\"https:\/\/macblog.mcmaster.ca\/literature-culture-anthropocene\/syllabus\/\"]}]},{\"@type\":\"BreadcrumbList\",\"@id\":\"https:\/\/macblog.mcmaster.ca\/literature-culture-anthropocene\/syllabus\/#breadcrumb\",\"itemListElement\":[{\"@type\":\"ListItem\",\"position\":1,\"name\":\"Home\",\"item\":\"https:\/\/macblog.mcmaster.ca\/literature-culture-anthropocene\/\"},{\"@type\":\"ListItem\",\"position\":2,\"name\":\"Syllabus\"}]},{\"@type\":\"WebSite\",\"@id\":\"https:\/\/macblog.mcmaster.ca\/literature-culture-anthropocene\/#website\",\"url\":\"https:\/\/macblog.mcmaster.ca\/literature-culture-anthropocene\/\",\"name\":\"Field Guide to Lost Futures\",\"description\":\"\",\"potentialAction\":[{\"@type\":\"SearchAction\",\"target\":{\"@type\":\"EntryPoint\",\"urlTemplate\":\"https:\/\/macblog.mcmaster.ca\/literature-culture-anthropocene\/?s={search_term_string}\"},\"query-input\":{\"@type\":\"PropertyValueSpecification\",\"valueRequired\":true,\"valueName\":\"search_term_string\"}}],\"inLanguage\":\"en-US\"}]}<\/script>\n<!-- \/ Yoast SEO plugin. -->","yoast_head_json":{"title":"Syllabus - Field Guide to Lost Futures","robots":{"index":"index","follow":"follow","max-snippet":"max-snippet:-1","max-image-preview":"max-image-preview:large","max-video-preview":"max-video-preview:-1"},"canonical":"https:\/\/macblog.mcmaster.ca\/literature-culture-anthropocene\/syllabus\/","og_locale":"en_US","og_type":"article","og_title":"Syllabus - Field Guide to Lost Futures","og_description":"The Field Guide to Lost Futures is a collective project from Literature, Culture, and the Anthropocene (ENGL 4E03), a Winter 2021 seminar offered in the Department of English and Cultural Studies at McMaster University. Course Description This is a course about loss. The Anthropocene is a term that describes the current geological age, characterized by &hellip; Continue reading \"Syllabus\"","og_url":"https:\/\/macblog.mcmaster.ca\/literature-culture-anthropocene\/syllabus\/","og_site_name":"Field Guide to Lost Futures","article_modified_time":"2020-11-12T18:52:46+00:00","twitter_card":"summary_large_image","twitter_misc":{"Est. reading time":"5 minutes"},"schema":{"@context":"https:\/\/schema.org","@graph":[{"@type":"WebPage","@id":"https:\/\/macblog.mcmaster.ca\/literature-culture-anthropocene\/syllabus\/","url":"https:\/\/macblog.mcmaster.ca\/literature-culture-anthropocene\/syllabus\/","name":"Syllabus - Field Guide to Lost Futures","isPartOf":{"@id":"https:\/\/macblog.mcmaster.ca\/literature-culture-anthropocene\/#website"},"datePublished":"2020-10-29T22:43:43+00:00","dateModified":"2020-11-12T18:52:46+00:00","breadcrumb":{"@id":"https:\/\/macblog.mcmaster.ca\/literature-culture-anthropocene\/syllabus\/#breadcrumb"},"inLanguage":"en-US","potentialAction":[{"@type":"ReadAction","target":["https:\/\/macblog.mcmaster.ca\/literature-culture-anthropocene\/syllabus\/"]}]},{"@type":"BreadcrumbList","@id":"https:\/\/macblog.mcmaster.ca\/literature-culture-anthropocene\/syllabus\/#breadcrumb","itemListElement":[{"@type":"ListItem","position":1,"name":"Home","item":"https:\/\/macblog.mcmaster.ca\/literature-culture-anthropocene\/"},{"@type":"ListItem","position":2,"name":"Syllabus"}]},{"@type":"WebSite","@id":"https:\/\/macblog.mcmaster.ca\/literature-culture-anthropocene\/#website","url":"https:\/\/macblog.mcmaster.ca\/literature-culture-anthropocene\/","name":"Field Guide to Lost Futures","description":"","potentialAction":[{"@type":"SearchAction","target":{"@type":"EntryPoint","urlTemplate":"https:\/\/macblog.mcmaster.ca\/literature-culture-anthropocene\/?s={search_term_string}"},"query-input":{"@type":"PropertyValueSpecification","valueRequired":true,"valueName":"search_term_string"}}],"inLanguage":"en-US"}]}},"jetpack_sharing_enabled":true,"_links":{"self":[{"href":"https:\/\/macblog.mcmaster.ca\/literature-culture-anthropocene\/wp-json\/wp\/v2\/pages\/123","targetHints":{"allow":["GET"]}}],"collection":[{"href":"https:\/\/macblog.mcmaster.ca\/literature-culture-anthropocene\/wp-json\/wp\/v2\/pages"}],"about":[{"href":"https:\/\/macblog.mcmaster.ca\/literature-culture-anthropocene\/wp-json\/wp\/v2\/types\/page"}],"author":[{"embeddable":true,"href":"https:\/\/macblog.mcmaster.ca\/literature-culture-anthropocene\/wp-json\/wp\/v2\/users\/336"}],"replies":[{"embeddable":true,"href":"https:\/\/macblog.mcmaster.ca\/literature-culture-anthropocene\/wp-json\/wp\/v2\/comments?post=123"}],"version-history":[{"count":4,"href":"https:\/\/macblog.mcmaster.ca\/literature-culture-anthropocene\/wp-json\/wp\/v2\/pages\/123\/revisions"}],"predecessor-version":[{"id":172,"href":"https:\/\/macblog.mcmaster.ca\/literature-culture-anthropocene\/wp-json\/wp\/v2\/pages\/123\/revisions\/172"}],"wp:attachment":[{"href":"https:\/\/macblog.mcmaster.ca\/literature-culture-anthropocene\/wp-json\/wp\/v2\/media?parent=123"}],"curies":[{"name":"wp","href":"https:\/\/api.w.org\/{rel}","templated":true}]}}